{"id":10852,"date":"2026-03-25T16:38:39","date_gmt":"2026-03-25T20:38:39","guid":{"rendered":"https:\/\/staging.iesmontreal.ca\/?page_id=10852"},"modified":"2026-03-25T16:41:54","modified_gmt":"2026-03-25T20:41:54","slug":"elections","status":"publish","type":"page","link":"https:\/\/staging.iesmontreal.ca\/?page_id=10852","title":{"rendered":"\u00c9lections"},"content":{"rendered":"\t\t<div data-elementor-type=\"wp-page\" data-elementor-id=\"10852\" class=\"elementor elementor-10852\" data-elementor-post-type=\"page\">\n\t\t\t\t<div class=\"elementor-element elementor-element-1b1b638 e-flex e-con-boxed e-con e-parent\" data-id=\"1b1b638\" data-element_type=\"container\" data-e-type=\"container\" data-settings=\"{&quot;background_background&quot;:&quot;classic&quot;}\">\n\t\t\t\t\t<div class=\"e-con-inner\">\n\t\t<div class=\"elementor-element elementor-element-2926a7a e-con-full e-flex e-con e-child\" data-id=\"2926a7a\" data-element_type=\"container\" data-e-type=\"container\">\n\t\t\t\t<div class=\"elementor-element elementor-element-75ddbf3 elementor-widget elementor-widget-heading\" data-id=\"75ddbf3\" data-element_type=\"widget\" data-e-type=\"widget\" data-widget_type=\"heading.default\">\n\t\t\t\t\t<h2 class=\"elementor-heading-title elementor-size-default\">\u00c9LECTIONS<\/h2>\t\t\t\t<\/div>\n\t\t\t\t<\/div>\n\t\t\t\t\t<\/div>\n\t\t\t\t<\/div>\n\t\t<div class=\"elementor-element elementor-element-d349e27 e-flex e-con-boxed e-con e-parent\" data-id=\"d349e27\" data-element_type=\"container\" data-e-type=\"container\" data-settings=\"{&quot;background_background&quot;:&quot;classic&quot;}\">\n\t\t\t\t\t<div class=\"e-con-inner\">\n\t\t<div class=\"elementor-element elementor-element-2ecc255 e-con-full e-flex e-con e-child\" data-id=\"2ecc255\" data-element_type=\"container\" data-e-type=\"container\">\n\t\t\t\t<div class=\"elementor-element elementor-element-e99f8da elementor-widget elementor-widget-heading\" data-id=\"e99f8da\" data-element_type=\"widget\" data-e-type=\"widget\" data-widget_type=\"heading.default\">\n\t\t\t\t\t<h2 class=\"elementor-heading-title elementor-size-default\">\u00c9lections<\/h2>\t\t\t\t<\/div>\n\t\t\t\t<div class=\"elementor-element elementor-element-a989c38 elementor-widget-divider--view-line elementor-widget elementor-widget-divider\" data-id=\"a989c38\" data-element_type=\"widget\" data-e-type=\"widget\" data-widget_type=\"divider.default\">\n\t\t\t\t\t\t\t<div class=\"elementor-divider\">\n\t\t\t<span class=\"elementor-divider-separator\">\n\t\t\t\t\t\t<\/span>\n\t\t<\/div>\n\t\t\t\t\t\t<\/div>\n\t\t\t\t<div class=\"elementor-element elementor-element-e49e5b8 elementor-widget elementor-widget-text-editor\" data-id=\"e49e5b8\" data-element_type=\"widget\" data-e-type=\"widget\" data-widget_type=\"text-editor.default\">\n\t\t\t\t\t\t\t\t\t<p><span style=\"font-weight: 400;\">Vous pouvez influencer votre association professionnelle! Deux postes d\u2019administrateurs sont \u00e0 combler sur le conseil d\u2019administration d\u2019IES Montr\u00e9al. Si vous \u00eates membres d\u2019IES depuis minimum un an vous pouvez d\u00e9poser votre candidature en envoyant un courriel d\u2019intention \u00e0 l\u2019attention du pr\u00e9sident du Comit\u00e9 de Nomination \u00e0 l\u2019adresse de courriel <\/span><a href=\"mailto:info@iesmontreal.ca\"><span style=\"font-weight: 400;\">info@iesmontreal.ca<\/span><\/a><span style=\"font-weight: 400;\"> .<\/span><\/p>\t\t\t\t\t\t\t\t<\/div>\n\t\t\t\t<\/div>\n\t\t\t\t\t<\/div>\n\t\t\t\t<\/div>\n\t\t\t\t<\/div>\n\t\t","protected":false},"excerpt":{"rendered":"<p>\u00c9LECTIONS \u00c9lections Vous pouvez influencer votre association professionnelle! Deux postes d\u2019administrateurs sont \u00e0 combler sur le conseil d\u2019administration d\u2019IES Montr\u00e9al. Si vous \u00eates membres d\u2019IES depuis minimum un an vous pouvez d\u00e9poser votre candidature en envoyant un courriel d\u2019intention \u00e0 l\u2019attention du pr\u00e9sident du Comit\u00e9 de Nomination \u00e0 l\u2019adresse de courriel info@iesmontreal.ca .<\/p>\n","protected":false},"author":8,"featured_media":0,"parent":10847,"menu_order":0,"comment_status":"closed","ping_status":"closed","template":"elementor_header_footer","meta":{"_monsterinsights_skip_tracking":false,"_monsterinsights_sitenote_active":false,"_monsterinsights_sitenote_note":"","_monsterinsights_sitenote_category":0,"footnotes":""},"class_list":["post-10852","page","type-page","status-publish","hentry"],"_links":{"self":[{"href":"https:\/\/staging.iesmontreal.ca\/index.php?rest_route=\/wp\/v2\/pages\/10852","targetHints":{"allow":["GET"]}}],"collection":[{"href":"https:\/\/staging.iesmontreal.ca\/index.php?rest_route=\/wp\/v2\/pages"}],"about":[{"href":"https:\/\/staging.iesmontreal.ca\/index.php?rest_route=\/wp\/v2\/types\/page"}],"author":[{"embeddable":true,"href":"https:\/\/staging.iesmontreal.ca\/index.php?rest_route=\/wp\/v2\/users\/8"}],"replies":[{"embeddable":true,"href":"https:\/\/staging.iesmontreal.ca\/index.php?rest_route=%2Fwp%2Fv2%2Fcomments&post=10852"}],"version-history":[{"count":5,"href":"https:\/\/staging.iesmontreal.ca\/index.php?rest_route=\/wp\/v2\/pages\/10852\/revisions"}],"predecessor-version":[{"id":10857,"href":"https:\/\/staging.iesmontreal.ca\/index.php?rest_route=\/wp\/v2\/pages\/10852\/revisions\/10857"}],"up":[{"embeddable":true,"href":"https:\/\/staging.iesmontreal.ca\/index.php?rest_route=\/wp\/v2\/pages\/10847"}],"wp:attachment":[{"href":"https:\/\/staging.iesmontreal.ca\/index.php?rest_route=%2Fwp%2Fv2%2Fmedia&parent=10852"}],"curies":[{"name":"wp","href":"https:\/\/api.w.org\/{rel}","templated":true}]}}